t is -2321340 - 2?
-2321342
In base 14, what is 662 - -12?
674
In base 12, what is -2 - -404b?
4049
In base 6, what is 12 - 103501?
-103445
In base 14, what is -2b + -93c?
-969
In base 7, what is -13603 + -1162?
-15065
In base 15, what is 1e3 - 240?
-4c
In base 6, what is -115505530 + 5?
-115505521
In base 14, what is 1a + -2?
18
In base 2, what is 1001111111 + 10?
1010000001
In base 16, what is f5 - -2f4?
3e9
In base 2, what is 10111000010111 + -100?
10111000010011
In base 14, what is 116b - b?
1160
In base 12, what is 94 + -192?
-ba
In base 3, what is -101 - 1112110220?
-1112111021
In base 8, what is 120 + -14426?
-14306
In base 14, what is 306a - -b7?
3143
In base 8, what is 2 - 46034?
-46032
In base 8, what is 1 + -3336113?
-3336112
In base 6, what is 415055 - 12?
415043
In base 16, what is -2 - -2babc?
2baba
In base 13, what is -251b + -1ba?
-2708
In base 11, what is -32049 - -4?
-32045
In base 9, what is -272 - -2614?
2332
In base 15, what is 5 + 564a3?
564a8
In base 6, what is 23100 - 22?
23034
In base 2, what is 10 + 10100101101111?
10100101110001
In base 15, what is -50 - 18b?
-1db
In base 13, what is -2 - 17b7?
-17b9
In base 9, what is -2767 - -412?
-2355
In base 12, what is 891ab + 0?
891ab
In base 7, what is 1011 + 2310?
3321
In base 13, what is 27 - a73b?
-a714
In base 12, what is -2 - 9762?
-9764
In base 11, what is -2 - 47131?
-47133
In base 11, what is 15990 + 32?
15a12
In base 9, what is 18867 + -5?
18862
In base 4, what is -3032211 - 2?
-3032213
In base 13, what is -72 + -40?
-b2
In base 11, what is 777a + 1?
7780
In base 14, what is -2133 + -d1?
-2224
In base 16, what is 3263a6 - 0?
3263a6
In base 8, what is 14405 - 4?
14401
In base 12, what is -1835 - 619?
-2252
In base 5, what is -13 - 300210?
-300223
In base 2, what is -1110001110000010101 - 10?
-1110001110000010111
In base 9, what is 24448 - -1?
24450
In base 4, what is 202 - -111031?
111233
In base 6, what is -104142352 - 3?
-104142355
In base 11, what is -171a923 - 5?
-171a928
In base 6, what is 1051254 - -3?
1051301
In base 5, what is 2 + 1031133?
1031140
In base 12, what is 2100 + -10?
20b0
In base 8, what is -2271423 + -13?
-2271436
In base 4, what is 113 + -2312?
-2133
In base 14, what is -10c + -3880?
-398c
In base 4, what is -1 + 31103232?
31103231
In base 10, what is 4 + 22856?
22860
In base 16, what is -1 + -12819?
-1281a
In base 3, what is -10020 + 112?
-2201
In base 12, what is 5 + 597?
5a0
In base 11, what is 3a0055 + 4?
3a0059
In base 2, what is 100110000001 - 0?
100110000001
In base 16, what is 43 - -ae?
f1
In base 4, what is -111311 + -1333?
-113310
In base 5, what is -331 + -221100?
-221431
In base 14, what is 4 + 304?
308
In base 13, what is -b0 + 206?
126
In base 14, what is -72d + -318?
-a47
In base 12, what is -2 + 2a5212?
2a5210
In base 3, what is 2011 - 10101222?
-10022211
In base 6, what is -2 + -2253350?
-2253352
In base 14, what is -184d81 - -1?
-184d80
In base 8, what is 6056 + 13?
6071
In base 16, what is fa7 + 5?
fac
In base 14, what is -6a5 - -dd?
-5a6
In base 11, what is -14 + 67648?
67634
In base 8, what is 11063 - 15?
11046
In base 15, what is b01 - b?
ae5
In base 11, what is 283838 - 0?
283838
In base 14, what is a - 40c42?
-40c36
In base 13, what is -15051 + c?
-15042
In base 5, what is -110 + 301332?
301222
In base 16, what is 4 + -4a5?
-4a1
In base 10, what is 3162567 + 5?
3162572
In base 4, what is -111 + -23302?
-30013
In base 16, what is 1187 - 0?
1187
In base 2, what is -10 + 1000001000111110?
1000001000111100
In base 4, what is 11 - -1003323322?
1003323333
In base 5, what is 14004 + -10343?
3111
In base 7, what is 1216 + -400?
516
In base 15, what is cb - -27?
103
In base 6, what is 103504310 - 0?
103504310
In base 3, what is 211 + 2002202012?
2002210000
In base 12, what is 2 + 10621?
10623
In base 14, what is 986 - -670?
1216
In base 5, what is 0 + 100423240?
100423240
In base 16, what is 176c + -7a?
16f2
In base 8, what is -101556 - 1?
-101557
In base 15, what is -d - -65435?
65427
In base 16, what is 71f + 15?
734
In base 4, what is -1313210 - -2?
-1313202
In base 6, what is -15450 - -1514?
-13532
In base 11, what is 1223 - -263?
1486
In base 16, what is -1 + -55aa?
-55ab
In base 16, what is 7 - 2a34?
-2a2d
In base 12, what is 10 + -8953a?
-8952a
In base 14, what is 3 - 13a08?
-13a05
In base 10, what is 401 + 446?
847
In base 6, what is 2 - -120114?
120120
In base 10, what is -36 + 2829?
2793
In base 8, what is 34 - 424?
-370
In base 4, what is 101001300 + 0?
101001300
In base 14, what is -3cb - 18?
-405
In base 4, what is -221 + 121301?
121020
In base 2, what is 0 + 110101000000001?
110101000000001
In base 5, what is -21232 + -101?
-21333
In base 3, what is 1212222021 - 1011?
1212221010
In base 8, what is 70622 + 26?
70650
In base 8, what is 1130 + -3127?
-1777
In base 3, what is 11011222 + -22222?
10212000
In base 6, what is -243 + -110020?
-110303
In base 16, what is 2b9d + -17?
2b86
In base 4, what is 23203133031 - -3?
23203133100
In base 12, what is -8a2 + -49?
-92b
In base 7, what is 6402 + 2252?
11654
In base 3, what is 10 - 22222120?
-22222110
In base 4, what is 11 + -31013112?
-31013101
In base 6, what is 21 + -53534?
-53513
In base 14, what is 1a3d + 0?
1a3d
In base 4, what is 2 + 123302223?
123302231
In base 16, what is 65b + -1e0?
47b
In base 3, what is -11 - -22110020?
22110002
In base 2, what is 11010100111 + -100011010?
10110001101
In base 3, what is -20022 - 100102211?
-100200010
In base 13, what is 921a - -4?
9221
In base 14, what is 3926 - -43?
3969
In base 15, what is -1802b + -1?
-1802c
In base 9, what is -2 - -25847?
25845
In base 7, what is 5 - 562404?
-562366
In base 13, what is -12501 - -1?
-12500
In base 8, what is 4 - -663026?
663032
In base 14, what is c + -22783?
-22775
In base 3, what is 1221120 - -1021?
1222211
In base 11, what is 351600 + -6?
3515a5
In base 3, what is 11221111 + 122?
11222010
In base 2, what is -110101011101 + 10001?
-110101001100
In base 15, what is 3 - 21a55?
-21a52
In base 10, what is 513 + -26?
487
In base 3, what is 222 + -21122002?
-21121010
In base 5, what is 1121131424 + 2?
1121131431
In base 12, what is 148b8 + -19?
1489b
In base 16, what is -1 + 28d?
28c
In base 15, what is -c30 + b42?
-dd
In base 7, what is -22415 - 25?
-22443
In base 4, what is 20010 - 121?
13223
In base 10, what is -5 - 348820?
-348825
In base 14, what is -d578 + 7?
-d571
In base 6, what is -1145320 - -2?
-1145314
In base 3, what is 1222101 - -10012212?
12012020
In base 2, what is 1010110101100010 - 100?
1010110101011110
In base 9, what is 2451 + -2608?
-147
In base 6, what is -2 - -323221?
323215
In base 13, what is 1c10 + 3a?
1c4a
In base 10, what is -55 + -4636?
-4691
In base 2, what is 1000010000010010 + 10010?
1000010000100100
In base 10, what is 3058 + 90?
3148
In base 4, what is 301 + 11231?
12132
In base 5, what is -4 + -1321143?
-1321202
In base 13, what is -91 + 138?
77
In base 8, what is 4 + 53267?
53273
In base 8, what is -133 - 4045?
-4200
In base 14, what is 4 - 65300?
-652da
In base 9, what is 776 + -205?
571
In base 8, what is -353666 + -4?
-353672
In base 8, what is 122 + -26715?
-26573
In base 4, what is 2202 + 23?
2231
In base 14, what is -375 - 172d?
-1aa4
In base 7, what is -2 - 20365?
-20400
In base 13, what is 20 + -aa9?
-a89
In base 5, what is 304 + -2311?
-2002
In base 12, what is -264 + 277?
13
In base 3, what is -12201 - 110022?
-200000
In base 16, what is -2b56 + 9?
-2b4d
In base 3, what is 102120220201 + -1?
102120220200
In base 13, what is -19 - 594?
-5b0
In base 15, what is 2 + -16?
-14
In base 13, what is 4 + 11?
15
In base 15, what is -1 + -83ccd?
-83cce
In base 14, what is -4b + -40?
-8b
In base 15, what is -173b6 - 2?
-173b8
In base 15, what is -10 - 178?
-188
In base 4, what is -1012 + 21012100?
21011022
In base 7, what is 2256 + 234?
2523
In base 12, what is a29a - -3?
a2a1
In base 2, what is -10 + -1100101000101011?
-1100101000101101
In base 15, what is bee + 1e?
c1d
In base 7, what is 0 + -6552?
-6552
In base 4, what is 211010 + -320?
210030
In base 13, what is 4 + -b5a7?
-b5a3
In base 9, what is -115 + 222?
106
In base 3, what is -1 + 2011011122?
2011011121
In base 3, what is -111001212 + 121?
-111001021
In base 3, what is -10121110 - 2210?
-10201020
In ba